02324 + -3044?
4244230
In base 16, what is 3e1a7 + -1?
3e1a6
In base 15, what is a9828a + 3?
a9828d
In base 12, what is -4075 - b68?
-5021
In base 5, what is -12231340 + -1210?
-12233100
In base 4, what is 22110113 - -11120?
22121233
In base 10, what is 12289168 - -2?
12289170
In base 16, what is -7043a - 2?
-7043c
In base 7, what is 1 - 13235532?
-13235531
In base 3, what is 120220001200211001 - -11?
120220001200211012
In base 2, what is 1011101110111 - 10011101011?
1001010001100
In base 9, what is -32287374 - 16?
-32287401
In base 4, what is 20231122 + 11201?
20302323
In base 11, what is 1a - 4367751?
-4367732
In base 4, what is 0 + 21310103232?
21310103232
In base 14, what is 0 + 148355?
148355
In base 5, what is -13233 + 120421?
102133
In base 2, what is 100101011001111000111100 - -10?
100101011001111000111110
In base 5, what is 34 - 3404011?
-3403422
In base 14, what is -11 - b2c6b?
-b2c7c
In base 9, what is -1 - -105646736?
105646735
In base 16, what is -b048dfb - 0?
-b048dfb
In base 15, what is -14d - -6815e?
68011
In base 4, what is 122100333 - 12013?
122022320
In base 2, what is 0 + 10000010110001010101010000111?
10000010110001010101010000111
In base 3, what is 1222 - 211212002220?
-211212000221
In base 9, what is -165 + 532051?
531775
In base 12, what is 2b02 + -1a?
2aa4
In base 6, what is 11301455345 + 0?
11301455345
In base 16, what is -6444 - 5c?
-64a0
In base 5, what is 1102212 - -230013?
1332230
In base 12, what is 368a - 1b27?
1763
In base 8, what is 107374 + 1074?
110470
In base 6, what is 2402344534 - 5?
2402344525
In base 5, what is 2033120231020 - 4?
2033120231011
In base 11, what is 9 + 1403a4a7?
1403a505
In base 6, what is -524104552 + 35?
-524104513
In base 11, what is 2 - 8063a67?
-8063a65
In base 16, what is -7449 - -22a7?
-51a2
In base 3, what is 120021011 + -1020001?
112001010
In base 4, what is -13330013 - -10231?
-13313122
In base 8, what is -27773 - -26214?
-1557
In base 3, what is 2 - 200001020200012?
-200001020200010
In base 7, what is 1052042 + 2320?
1054362
In base 10, what is 88599 - -1285?
89884
In base 8, what is 0 - 23135000?
-23135000
In base 4, what is 2133000 + -12223?
2120111
In base 2, what is 111110001111 - -10101111111?
1010100001110
In base 2, what is 1000001000100111000000111111 - 10?
1000001000100111000000111101
In base 12, what is 4 - 8558029b?
-85580297
In base 7, what is 11051 - -25643?
40024
In base 3, what is 100202 + 1111112121?
1111220100
In base 11, what is 17 - -2670585?
26705a1
In base 3, what is -200201101 - -200002102?
-121222
In base 15, what is 8b1 - 1483?
-ac2
In base 16, what is 3c1d1 - 2e?
3c1a3
In base 3, what is -110212 + 202200012022?
202122201110
In base 13, what is 7c14c40 - 5?
7c14c38
In base 15, what is 70e5294 - 4?
70e5290
In base 5, what is 2433 + -22001133?
-21443200
In base 8, what is -416244 - -27?
-416215
In base 4, what is -22110332032 + 0?
-22110332032
In base 9, what is 1 + -7687513?
-7687512
In base 13, what is 3 + -16b48851?
-16b4884b
In base 3, what is 22 + -102100010101?
-102100010002
In base 9, what is -1057365258 - 4?
-1057365263
In base 14, what is 49c0c3 + 5?
49c0c8
In base 3, what is 1 - -11101011200200222?
11101011200201000
In base 7, what is -624 - -143040?
142113
In base 13, what is 8 + 36bb08?
36bb13
In base 12, what is -1492a - -155?
-14795
In base 15, what is 4dda78 - 4?
4dda74
In base 10, what is 27543286 - 28?
27543258
In base 8, what is 225303 - -4?
225307
In base 2, what is -101 + 101001010100010111011001111?
101001010100010111011001010
In base 16, what is 479 + -270?
209
In base 12, what is -2041871 - 3?
-2041874
In base 4, what is -20222330 - -233?
-20222031
In base 10, what is -4473279 + 5?
-4473274
In base 8, what is -162451543 + 20?
-162451523
In base 8, what is -1727511572 - 1?
-1727511573
In base 15, what is 562 - -153d0?
15942
In base 12, what is -20 - -1141b12?
1141ab2
In base 10, what is -288373086 + 0?
-288373086
In base 12, what is 117 + 12424a?
124365
In base 15, what is 139 + -c5982?
-c5848
In base 2, what is 1011 - 1000101001101101101101100?
-1000101001101101101100001
In base 10, what is -10 + -18345961?
-18345971
In base 7, what is 2146 - 42512?
-40333
In base 3, what is -2200011010 - 21200?
-2200102210
In base 13, what is 54 - -47c2a6?
47c32a
In base 9, what is -21562728 + 2?
-21562726
In base 9, what is -27701838 - 21?
-27701860
In base 7, what is -660346 + -1410?
-662056
In base 3, what is 1112020200100 - -20221?
1112020221021
In base 5, what is 43111 - -11144?
104310
In base 8, what is -2377420653 - -2?
-2377420651
In base 14, what is 3 + 26644aa?
26644ad
In base 4, what is 111202031332311 + 11?
111202031332322
In base 2, what is 10001101001 - 11001111100111101?
-11001101011010100
In base 16, what is -2 - e41e9?
-e41eb
In base 3, what is -10 - -101101100221222?
101101100221212
In base 15, what is 183 - -26e9?
287c
In base 2, what is 1001111000110000000001000110 + -1?
1001111000110000000001000101
In base 6, what is -212102522 + 33?
-212102445
In base 10, what is 1832 - 3898?
-2066
In base 8, what is 14462371 + 5?
14462376
In base 3, what is -2001110212120011110 - -2?
-2001110212120011101
In base 16, what is -a - bac2c?
-bac36
In base 4, what is -32 - 20303212233?
-20303212331
In base 8, what is 3504 + -12104?
-6400
In base 7, what is -1261655253 - 5?
-1261655261
In base 11, what is -5 + -13a2741?
-13a2746
In base 13, what is 3516 + -31c?
31c7
In base 9, what is -5 - 1180436?
-1180442
In base 13, what is -5 + 453b45?
453b40
In base 6, what is -111103 + -2201?
-113304
In base 11, what is -2 + 1169a502?
1169a500
In base 12, what is -1541 + -461?
-19a2
In base 5, what is -142024043244 + -3?
-142024043302
In base 15, what is 1880e1 + -97?
188049
In base 6, what is -311225 + -10?
-311235
In base 15, what is -3d18 + -965?
-477d
In base 9, what is 145033 + -4027?
141005
In base 16, what is -1 - 154e5c?
-154e5d
In base 6, what is -21353140 - 4?
-21353144
In base 3, what is -10021120010020112 - 12?
-10021120010020201
In base 2, what is 11000010 - -100000110101100?
100001001101110
In base 12, what is -35ba4 + -339a?
-39382
In base 3, what is -1002110200021122 + -222?
-1002110200022121
In base 3, what is 2121 + 121112200111?
121112210002
In base 6, what is 234411 + 243323?
522134
In base 4, what is 10 + -30213020221?
-30213020211
In base 16, what is -6 - c878b7?
-c878bd
In base 7, what is -50 + -20031443?
-20031523
In base 4, what is -1003 + -122301200?
-122302203
In base 13, what is -20a76c5a - 5?
-20a76c62
In base 15, what is -7771 + -53?
-77c4
In base 4, what is -20222300201311 + 0?
-20222300201311
In base 2, what is -1 + 111110100011001111111?
111110100011001111110
In base 13, what is -9 - 9987?
-9993
In base 12, what is -356577 + -56?
-356611
In base 10, what is -1 - 147603733?
-147603734
In base 11, what is 7561793 - -6?
7561799
In base 8, what is -4604 - -443?
-4141
In base 6, what is -2314520 - 10354?
-2325314
In base 3, what is -1 - 11002021012202101?
-11002021012202102
In base 11, what is 16a4 + 50?
1744
In base 2, what is 101 - 10100100100011101101?
-10100100100011101000
In base 15, what is -4e - 2d3251?
-2d32a0
In base 9, what is -5550 - 7025?
-13575
In base 9, what is 2624617 + -2?
2624615
In base 8, what is -1 - 74734203?
-74734204
In base 10, what is -3196795 + 25?
-3196770
In base 15, what is 151e769 - -3a?
151e7a4
In base 13, what is -2728 - 67a?
-30a5
In base 6, what is -225 - 2405?
-3034
In base 14, what is -10d - 66?
-175
In base 2, what is 11011000011011 - -11100011?
11011011111110
In base 11, what is 650 - 1361?
-811
In base 6, what is -455 + -133302?
-134201
In base 4, what is -1011303112 - 132012?
-1012101130
In base 2, what is 1101101101 + 1101100010011110?
1101110000001011
In base 13, what is 550996 + -a?
550989
In base 12, what is -114b76a + a?
-114b760
In base 3, what is 0 + 1101110112100110?
1101110112100110
In base 7, what is -1 - 6046515?
-6046516
In base 10, what is -191075046 - 4?
-191075050
In base 5, what is 34 - -1013212414?
1013213003
In base 11, what is 44a191 + 1150?
450331
In base 3, what is -1211112122 + -22020202?
-2010210101
In base 13, what is -148a5b7 + 0?
-148a5b7
In base 9, what is -615115766 + 3?
-615115763
In base 6, what is -2 - 104025212?
-104025214
In base 4, what is 3 - -2133320010